 = -43*z**3 - 3*z**2 - 8*z + 10. What is t(1)?
-44
Let i(b) = 2*b**2 - 17*b + 1. Determine i(12).
85
Let p(n) = -n**2 + 74*n - 768. Give p(11).
-75
Let u(o) = 233*o + 1389. What is u(-7)?
-242
Let p(r) = -166*r - 11952. What is p(-72)?
0
Let v(z) = 3*z**3 - 561*z**2 + z - 172. Determine v(187).
15
Let j(d) = d**2 - 131*d + 3958. Determine j(84).
10
Let g(b) = 53*b**3 - 136*b - 137. Calculate g(-1).
-54
Let o(t) = t**3 - 48*t**2 - 181*t - 4435. Determine o(53).
17
Let z(j) = -35*j + 526. Determine z(15).
1
Let v(r) = r**2 - 43*r + 251. Give v(7).
-1
Let j(d) = 288*d**2 - 6*d - 6. Calculate j(-1).
288
Let w(c) = c**2 - 15*c - 155. What is w(23)?
29
Let s(f) = f**3 + 16*f**2 + 44*f + 74. What is s(-13)?
9
Let d(b) = -b + 65. What is d(59)?
6
Let x(s) = 2271*s + 20494. What is x(-9)?
55
Let f(a) = -32*a + 94. Give f(3).
-2
Let n(q) = -q**3 + 14*q**2 - 13*q - 127. Determine n(11).
93
Let z(f) = -475*f + 5707. What is z(12)?
7
Let z(r) = 121*r + 13911. Calculate z(-115).
-4
Let g(d) = -3*d**3 + 15*d**2 - 9*d - 9. Calculate g(4).
3
Let x(l) = l**3 + 12*l**2 - 14*l + 33. Determine x(-13).
46
Let n(l) = 4*l**3 - 20*l**2 - 86*l + 7. What is n(-5)?
-563
Let f(n) = 71*n + 30. Give f(-4).
-254
Let f(d) = -d**3 - 16*d**2 + 48*d - 44. What is f(-15)?
-989
Let c(w) = 22*w + 167. What is c(-8)?
-9
Let w(a) = -3*a**3 + 12*a**2 - 13*a - 19. What is w(4)?
-71
Let r(a) = a**2 + 85*a - 1639. What is r(16)?
-23
Let a(m) = 197*m**2 + 797*m + 31. Give a(-4).
-5
Let s(n) = -188*n - 2252. Determine s(-12).
4
Let g(i) = -15*i - 170. Determine g(-9).
-35
Let g(t) = t**3 + 36*t**2 - 156*t - 6. Calculate g(4).
10
Let i(w) = -w**2 - 110*w - 2547. What is i(-33)?
-6
Let w(n) = 382*n - 21013. What is w(55)?
-3
Let f(b) = 28*b + 2463. What is f(-69)?
531
Let v(j) = -11*j**2 + 2*j - 3. Determine v(1).
-12
Let g(w) = -w**3 - 79*w**2 - 157*w - 213. Calculate g(-77).
18
Let w(l) = 2*l**3 - 9*l - 10. Calculate w(3).
17
Let x(c) = -c**3 + 31*c**2 - 28*c - 46. Calculate x(30).
14
Let j(l) = -271*l - 515. Calculate j(-2).
27
Let t(h) = -3*h**2 + 247*h - 324. What is t(81)?
0
Let q(d) = d**2 + 46*d - 159. Calculate q(-49).
-12
Let q(a) = -2*a**2 + 25*a - 66. What is q(14)?
-108
Let c(g) = g**2 - 6*g - 192. Give c(-10).
-32
Let k(q) = -27*q**2 + 4*q - 1. What is k(3)?
-232
Let v(y) = 2*y**2 - 39*y + 26. Calculate v(23).
187
Let n(i) = 61*i + 11583. What is n(-190)?
-7
Let l(d) = -1048*d + 2097. Determine l(2).
1
Let s(h) = -13*h + 120. Give s(10).
-10
Let v(s) = -27934*s - 55862. Determine v(-2).
6
Let y(v) = -10*v**2 - 163*v - 193. What is y(-15)?
2
Let f(m) = -m**2 + 93*m - 1587. Determine f(69).
69
Let v(l) = -7*l - 27. Calculate v(-32).
197
Let o(t) = 3*t**2 + 2*t - 114. Determine o(-14).
446
Let k(i) = -i**3 + 11*i**2 - 43*i + 141. Give k(7).
36
Let s(d) = -d**3 + 14*d**2 - 21*d - 43. What is s(12)?
-7
Let d(g) = -3*g**3 + 6*g**2 + 9*g + 16. Give d(-4).
268
Let j(s) = 6*s**2 - 38*s - 142. Calculate j(8).
-62
Let p(n) = 11*n**3 + 89*n**2 + 9*n + 8. Determine p(-8).
0
Let s(a) = 5993*a + 113870. Determine s(-19).
3
Let l(b) = b**2 - 695*b - 21048. Give l(-29).
-52
Let q(l) = 25*l + 1088. Give q(-43).
13
Let k(i) = 3*i**2 - 60*i - 105. Calculate k(20).
-105
Let x(c) = -c**3 + 108*c**2 + 341*c - 887. Determine x(111).
1
Let p(q) = -2*q**3 - 8*q**2 + 33*q + 146. Determine p(-4).
14
Let a(g) = g**3 - 4*g**2 - g - 6. Determine a(-5).
-226
Let g(b) = -4*b**2 - 59*b - 106. Calculate g(-17).
-259
Let s(h) = -120*h + 4323. What is s(36)?
3
Let x(u) = 77*u**2 - 711*u + 144. Calculate x(9).
-18
Let r(c) = 5*c**2 + 95*c + 174. Calculate r(-2).
4
Let a(x) = -9*x**2 + 775*x + 1547. Give a(-2).
-39
Let b(d) = -3*d**3 - 50*d**2 - 22*d + 9. Give b(-16).
-151
Let t(p) = -179*p - 5904. What is t(-33)?
3
Let j(t) = -t**2 - 116*t + 499. Determine j(4).
19
Let k(c) = -c**3 - 9*c**2 + 27*c + 71. What is k(-2)?
-11
Let q(h) = 66*h - 417. What is q(6)?
-21
Let i(l) = -1897*l - 13378. What is i(-7)?
-99
Let z(j) = 4*j**3 + 4*j**2 - 29*j + 51. Give z(3).
108
Let d(n) = -77*n + 17. Calculate d(0).
17
Let v(t) = 9*t + 60. What is v(-7)?
-3
Let d(i) = -171*i**2 - 4784*i + 36. Give d(-28).
-76
Let h(m) = m**3 - 25*m**2 + 133*m + 103. Give h(15).
-152
Let m(u) = 519*u + 3584. What is m(-7)?
-49
Let q(b) = -b**3 - 8*b**2 - 18*b + 100. Determine q(3).
-53
Let p(a) = a**2 - 12*a - 289. What is p(17)?
-204
Let x(u) = u**3 - 23*u**2 + 133*u - 7. What is x(12)?
5
Let b(u) = -9*u**2 - 3*u + 9. Determine b(0).
9
Let o(m) = m**3 + 27*m**2 - 110*m + 432. What is o(-31)?
-2
Let l(u) = -91*u - 701. What is l(-8)?
27
Let a(z) = -z**3 - 9*z**2 - 17*z - 2. Give a(-5).
-17
Let i(o) = 2*o**2 + 5*o - 20. Give i(-12).
208
Let l(f) = -123*f - 397. What is l(-2)?
-151
Let q(x) = x**2 - 385*x - 9822. Give q(-24).
-6
Let u(f) = f**2 + 17*f - 914. Determine u(-40).
6
Let p(k) = -12*k - 256. Determine p(-21).
-4
Let f(j) = 595*j + 541. Calculate f(-1).
-54
Let b(a) = -14*a + 359. Give b(28).
-33
Let l(d) = -2535*d + 7597. Determine l(3).
-8
Let m(t) = -t**3 - 10*t**2 + 129*t - 71. Give m(7).
-1
Let q(v) = -27*v**2 - 133*v + 261. Calculate q(2).
-113
Let d(z) = z**3 - 4*z**2 + 7. Determine d(0).
7
Let a(q) = -q**3 + 44*q**2 - 32*q + 21. What is a(43)?
494
Let n(z) = -z**2 + 108*z + 555. Give n(-5).
-10
Let r(j) = j - 123. Determine r(-44).
-167
Let t(f) = -205*f - 3095. Calculate t(-15).
-20
Let v(g) = -g**3 - 7*g**2 - 30*g + 10. Give v(-6).
154
Let k(v) = v**3 - 2*v**2 - 86*v + 23. What is k(10)?
-37
Let y(l) = -29*l + 50. Calculate y(-2).
108
Let h(i) = -5*i**2 - 21*i - 57. Determine h(-7).
-155
Let n(u) = -3*u**3 - 5*u**2 - 7*u - 5. What is n(-3)?
52
Let w(h) = h**3 + 109*h**2 - 13*h - 1407. Calculate w(-109).
10
Let d(s) = -3*s**3 - 27*s**2 - 41*s + 3. What is d(-7)?
-4
Let n(h) = -h**3 - 9*h**2 - 18*h - 91. Determine n(-6).
-91
Let y(g) = 2*g**2 - 81*g + 652. Determine y(11).
3
Let a(l) = 14*l**2 - 81*l - 44. What is a(6)?
-26
Let d(c) = c**3 - 30*c**2 - 24*c - 186. Determine d(31).
31
Let l(z) = -2*z**3 + 29*z**2 + 228. Give l(15).
3
Let z(w) = 65*w - 131. What is z(3)?
64
Let i(p) = p**3 + 24*p**2 + 65*p + 8. Give i(-21).
-34
Let m(k) = 443*k + 27017. Give m(-61).
-6
Let a(q) = -6*q**2 + 125*q + 313. Calculate a(19).
522
Let h(z) = -3*z**2 - 323*z + 2161. Determine h(-114).
-5
Let d(v) = -5*v**2 - 3*v + 131. Calculate d(-6).
-31
Let h(q) = 229*q + 922. Give h(-4).
6
Let m(d) = 106*d + 697. Give m(-7).
-45
Let b(x) = 110*x - 56. Calculate b(1).
54
Let m(d) = -126*d - 857. Calculate m(-7).
25
Let k(g) = 5*g**3 + 2*g**2 + 119*g - 121. What is k(1)?
5
Let r(g) = -15424*g - 30846. Give r(-2).
2
Let y(g) = 139*g + 2076. Calculate y(-15).
-9
Let v(d) = -46*d + 1070. Determine v(23).
12
Let p(j) = -690*j - 606. Determine p(-1).
84
Let t(r) = 20*r - 1142. Determine t(57).
-2
Let f(z) = -z**3 - 68*z**2 - 582*z + 5. Calculate f(-10).
25
Let h(s) = 31*s**2 - 23*s + 101. Give h(4).
505
Let m(i) = i**3 + 26*i**2 - 8*i + 45. Determine m(-26).
253
Let k(a) = -43*a - 3554. Determine k(-83).
15
Let z(v) = 8*v**2 + 53*v + 92. What is z(-3)?
5
Let r(o) = -65*o**2 - 10*o - 4. Calculate r(-2).
-244
Let p(u) = -219*u + 888. Calculate p(5).
-207
Let r(w) = w**2 - 29*w + 2. What is r(0)?
2
Let t(a) = a**2 + 340*a + 9574. What is t(-309)?
-5
Let t(l) = -91*l**2 + 702*l + 203. Determine t(8).
-5
Let i(o) = o**3 + 16*o**2 + 26*o + 24. Calculate i(-12).
288
Let p(k) = 4*k**3 + 36*k**2 - 40*k + 2. Determine p(-10).
2
Let b(h) = -49*h**2 + 61*h + 249. What is b(3)?
-9
Let x(v) = 28*v**2 - 331*v - 69. What is x(12)?
-9
Let l(s) = s**3 + 45*s**2 + 231*s + 40. Calculate l(-39).
157
Let a(f) = f**3 + 2*f**2 + 6*f + 4. What is a(-6)?
-176
Let m(f) = -5*f**3 + 361*f**2 - 67*f - 362. Give m(72).
-2
Let o(v) = v**2 - 79*v + 294. Determine o(74).
-76
Let l(n) = n**3 - 148*n**2 - 240*n - 8994. What is l(150)?
6
Let z(j) = -15*j - 343. Determine z(-8).
-223
Let c(y) = -299*y + 8. Calculate c(-1).
307
Let o(t) = -t**3 + 53*t**2 - 544*t - 43. Calculate o(14).
-15
Let g(j) = -4*j**2 + 48*j - 184. Determine g(4).
-56
Let u(y) = -4610*y - 9234. What is u(-2)?
-14
Let c(n) = n**3 - 7*n**2 + 47*n - 12. What is c(8)?
428
Let z(w) = -13*w**2 + 54*w - 15. What is z(5)?
-70
Let h(l) = -20*l**2 + 205*l + 165. Calculate h(11).
0
Let m(d) = -d**2 + 6*d - 28. What is m(6)?
-28
Let t(c)